l) = 2*l**2 - 19*l + 19. Let d be f(8). Is (d + (-114930)/12)*(-4)/10 composite?
False
Let x be (-6 - -1)*(3 + -3 + 1). Is x + 1547 + 25/(-5) prime?
False
Suppose 5*v = -k + 8*v - 8, 0 = 2*k + 2*v - 16. Suppose 5*r = -k*z + 31131, r - 5*z = -r + 12459. Is r a composite number?
True
Let v(x) = x**3 + 24*x**2 - 16*x - 22. Suppose 8*c + 109 = 5. Is v(c) a composite number?
True
Let l(n) = 1333*n - 26. Suppose 6*b + 14*b - 60 = 0. Is l(b) a composite number?
True
Suppose -16*t - 164334 = -22*t. Suppose 3*k + 37599 = 4*h + 1085, 0 = -3*h + 4*k + t. Is h a composite number?
False
Let c(d) = -16*d**3 - 2*d**2 - 26*d + 25. Let x be c(10). Let s = x - -26402. Is s a prime number?
True
Let h(z) = 4*z**3 - 4*z**2 - 11*z - 36. Let t(m) = 6*m**3 - 6*m**2 - 16*m - 54. Let f(g) = -7*h(g) + 5*t(g). Let u be f(6). Let k = -179 + u. Is k prime?
False
Let g = 375087 + -164566. Is g composite?
True
Suppose -5*b + 22 = 4*j - 2*j, 3*j - 3 = 0. Let p(q) = 56*q**2 + 2*q - 17. Is p(b) composite?
False
Let d(j) = -7*j + 103. Let n be d(14). Suppose 4*b - 3*b = n*v + 28662, -3*b + v = -85916. Is b prime?
False
Suppose -2*p + 3*i + 17350 = 7*i, 26021 = 3*p + 2*i. Suppose 5*r + 2*b - p = 0, -2*r + 12*b + 3458 = 10*b. Is r a prime number?
True
Let z(t) = -6667*t + 1469. Is z(-6) a prime number?
False
Suppose 95*l - 202218971 = -129*l - 89*l. Is l a prime number?
True
Let q(j) = 93*j**2 - 23*j - 365. Is q(-99) a prime number?
False
Let t(v) be the second derivative of 19*v**4/6 - v**3/3 - 7*v**2/2 - 12*v. Is t(-6) prime?
True
Is -54606*(-3)/8 - 2/(-32)*-4 a prime number?
True
Let j(t) = -t**2 - 6*t + 12. Let m be j(-5). Suppose m*l = 22*l - 28805. Is l composite?
True
Suppose 14*o - 28535 - 245991 = 0. Is o prime?
True
Let b = -7767 + 29014. Is b prime?
True
Suppose -1595123 = -5*y + 4*z, y - z - 99985 = 219039. Is y composite?
False
Suppose 90*o + 2500437 - 35045247 = 0. Is o a prime number?
False
Let d(a) = -2*a**2 + 12*a + 25. Suppose y = -3*l - 26, 2*y - 3*l + 8 - 1 = 0. Let g be d(y). Let b = g - -668. Is b composite?
True
Let k = 60525 - -35401. Is k a composite number?
True
Is (-5 + (-7)/((-126)/(-469311)))*-6 a composite number?
False
Suppose -11*m + 90 = -8*m. Let j(u) = -32 + m*u**2 + 15*u - 1 + 0 - 8*u**2. Is j(10) a composite number?
True
Suppose 12 = -v - 2*v, -d - 4*v + 520 = 0. Let f = 2943 - d. Is f a prime number?
False
Let x(m) = m**3 - 6*m**2 + m + 1. Let c be x(6). Suppose c*n + 52 = -11. Is (-51710)/(-35) + n/21 composite?
True
Let u(f) = -81572*f - 573. Is u(-1) a prime number?
False
Let g = 16 + -16. Let y be -3 + g - (-4 + 3 + -13). Suppose y*o - 7*o = 3364. Is o a prime number?
False
Suppose 3*z - 2128213 = 4*i, -2*i + 635189 + 74202 = z. Is z composite?
True
Let g(y) = 1901*y**2 - 287*y + 25. Is g(-12) a composite number?
False
Let g(x) = -8*x**3 - x**2 - 17*x + 50. Let c(n) = -9*n**3 - n**2 - 18*n + 51. Let l(w) = 5*c(w) - 6*g(w). Is l(17) composite?
False
Let o be -6 - (0 + 4 + 14 + -30). Is (0 + -23266)/(1*(-12)/o) composite?
False
Let n = -44 + 54. Suppose -2*w = n, -3*y - 4*w - 26 = -6. Suppose y = 5*s - 10372 + 282. Is s composite?
True
Let r be (-10)/8 - (3/4 + -2). Suppose r = -5*y - 5, m - 9342 = 84*y - 88*y. Is m a prime number?
False
Let r(k) = k**3 + 19*k**2 - 8*k + 13. Suppose 78 = -3*m + 24. Let v be r(m). Let x = v - -1278. Is x prime?
True
Let x(p) = -p + 1. Let l(s) = -904*s - 3. Let y(c) = -l(c) - 4*x(c). Is y(1) a prime number?
True
Let g(b) = 3*b**3 + 10*b**2 - 9*b - 14. Let x be g(8). Let p = x - 1196. Suppose -v + 824 = 2*j - 73, -2*j = 4*v - p. Is j prime?
True
Let x = -97 - -100. Suppose 4*y = 5*w - 50357, 40288 = 4*w - x*y + y. Is w a prime number?
False
Let g = -4285 + 63312. Is g prime?
False
Let n be 0 + (5 - 3) + (5 - 3). Let g(j) = j**3 - 2*j**2 - 8*j + 2. Let h be g(n). Suppose -h*w + 2078 = 4*i, 2*w + 2069 = 4*i + 7*w. Is i a prime number?
True
Let l = 192296 + -115237. Is l prime?
False
Is (-332 + 329)*17231/(-3) composite?
False
Let p be 2/14 + (-476)/(-98). Suppose -p*c = -l + 2043, 0 = 2*l + 4*c - 589 - 3525. Is l a composite number?
False
Let n be -1 + 3/(-6)*(4 + -10). Suppose -3*w = 2*p - 11497, n*w - 3509 = -5*p + 4174. Is w a composite number?
True
Suppose 4*r = 24 - 0. Let h be (6 - r) + (-2)/(-4)*0. Is (-1 + h)/(6/(-3174)) a composite number?
True
Is (-402352)/(-4)*((-120)/(-32) - 2) a composite number?
True
Let v(b) = -3091*b - 90. Suppose -4*w + 7 = -2*s - 11, -s = 3*w - 6. Is v(s) a prime number?
False
Suppose -7*a + 0 = -0. Suppose -3*k + a*w = -w + 34, k - 2*w = -8. Is (-6)/(-8)*(-152)/k*2 composite?
False
Let y(i) = i**2 - 15*i + 31. Let z be y(13). Suppose z - 10 = -t. Suppose 5*u - 10000 + 2125 = -t*q, -5*u - 3*q = -7873. Is u composite?
True
Let q = 432 - 224. Suppose a + 594 = 3*k, -8*a = k - 5*a - q. Is k composite?
False
Is (-110)/935 + 17009/17*157 a prime number?
False
Suppose -p = v - 89236, 0*p - 267720 = -3*v + p. Is v prime?
False
Let q(a) = -2194*a - 25. Let x(z) = z**3 - 8*z**2 - 6*z - 30. Let h be x(9). Is q(h) prime?
False
Let x = 50 - 38. Suppose x = 3*f - 3*z, 4*f + 2*z - 4 = 6. Suppose -f*c + n + 2*n = -801, -c + 4*n + 282 = 0. Is c a prime number?
False
Suppose 9*q - 4*q + l + 10 = 0, 3*q + l = -6. Let a(f) be the second derivative of -53*f**3/2 - 17*f**2/2 - 6*f - 11. Is a(q) prime?
False
Let z(t) = -51*t**3 - 5*t**2 - 2*t - 9. Let c be z(-8). Suppose 8*p + 9215 - c = 0. Is p a composite number?
True
Let m be (-7 - -1)*-5*(-24)/90. Let f(v) = 12*v + 45. Let x be f(m). Let a = -41 - x. Is a a composite number?
True
Suppose -20*g + 2*g = -33084. Let j = g - 315. Is j a composite number?
False
Let n = -121543 + 189714. Is n a composite number?
False
Is ((-948190)/(-15) - 15)/((-3)/(-9)) composite?
False
Suppose -4*g - 3*j + 108632 = 0, -4*g - 190*j = -185*j - 108624. Is g a prime number?
False
Let y(p) be the third derivative of 0 + 1/24*p**4 - 11*p**2 + 0*p - 1/6*p**3 + 122/15*p**5. Is y(-2) a composite number?
False
Suppose 9*y - 10*y + 2*d - 1 = 0, 3*y + 1 = 5*d. Suppose y*n - 11355 = -0*n. Is n a composite number?
True
Let m be 2/(-18) - (-56)/(-63). Is m/(((-1)/8465*-5)/(-1)) a composite number?
False
Let g = 486 - 531. Is -4362*(-2)/10*g/(-18) a composite number?
True
Let b(q) = -936*q + 613. Is b(-41) composite?
True
Let f = -68888 - -137651. Is f a prime number?
False
Let v(y) = 6 + 2 + 3*y - y**3 + 6 - 10. Let u be v(-2). Is (1 - 135/u)*-46 a composite number?
True
Let n = -1271 + 2188. Suppose -3*c + 6 = -5*u, -5 + 1 = -3*u - 2*c. Suppose -4*f = 5*a - n, -a + 184 = -u*a + f. Is a composite?
False
Is 174643 - 1/((-9)/36 + 0) prime?
False
Let v(y) = -5*y**2 - 196*y - 96. Let q be v(-35). Suppose 380 = -c + 6*c. Is q/(-6)*c/18*-3 composite?
True
Let l = -67 - -70. Let o be l*(4/(-12) - 1). Let y(m) = -8*m**3 + 2*m**2 + 3*m - 11. Is y(o) a composite number?
False
Let f be 5 - 3*3/9. Let l be ((-32)/12)/(f/228). Let g = l + 231. Is g prime?
True
Suppose 2*a + 406 = 2*o, 2*o + 4*a = 166 + 246. Let i = 63 + o. Let q = i - 13. Is q a composite number?
True
Let u = -502 - -277. Let z = u + 429. Suppose w - 449 = z. Is w composite?
False
Let v = 219 + -226. Let x(p) = -65*p**3 - 2*p**2 - 16*p - 6. Is x(v) a prime number?
True
Suppose 21395 = 5*m + 5*n, 7*m = 5*m + 4*n + 8540. Let k = 631 + m. Is k prime?
False
Suppose -4*h + 4*t + 5 = 1, 0 = 5*t + 25. Let q(c) = -c**3 + 17*c**2 - 73*c + 4. Let u be q(8). Is 1/h - 733/u composite?
True
Suppose 0 = 99*r + 53*r - 2222696. Is r prime?
False
Suppose 2*m = -j + 645787, -4*m = -6*m + 5*j + 645805. Is m composite?
True
Let p = -40 + 43. Let f be -1 + 94 + p/9*0. Suppose 10*z - 9*z - f = 0. Is z a prime number?
False
Let r(n) = 220*n + 38. Let c be r(13). Suppose 0 = 6*y - 1608 - c. Is y composite?
False
Is (-188799)/(-26)*46 + (-12 - -4) a composite number?
False
Let n(k) = 7*k**3 - 10*k**2 - 11*k + 41. Let d = -67 - -75. Is n(d) prime?
True
Let w be (-64*9/90)/(2/(-3925)). Suppose 0 = -5*t - 5*h + w, -2*t - t - h = -7526. Is t prime?
False
Let x = -2854 + -351. Suppose t - 2 = 2*t. Is (t/2)/(5/x) composite?
False
Let a(v) = -v**3 + 12*v**2 + 9*v + 2. Suppose 0 = 4*c - 2*c - 18. Let l be a(c). Suppose l + 96 = 2*s. Is s prime?
True
Let p = 151697 - -87084. Is p a composite number?
False
Let k = -328416 + 520723. Is k composite?
False
S